-15 = -3*o - 9. What is b(o)?
11
Let m(t) = -5*t**3 + t - 1. Let u = 4 + -3. Let k be u + 1 - (2 - 1). Give m(k).
-5
Let m(z) = 4*z. Let p(b) = b - 1. Let v be p(-2). Give m(v).
-12
Let o(f) = -5*f - 2. Let h(x) = -1. Let q(p) = -6*p + 6. Let d(l) = -8*h(l) - q(l). Let c(m) = 4*d(m) + 5*o(m). Suppose 3*i - 6 = 5*i. Give c(i).
1
Let i(s) = 4*s**2 + 5*s + s**3 - 6*s**2 + 3*s - 5*s**2 - 3. What is i(6)?
9
Let h be (-53)/(-11) + 2/11. Let u(q) = 16*q - 35. Let t(s) = -3*s + 7. Let n = 0 - -11. Let y(r) = n*t(r) + 2*u(r). Give y(h).
2
Let d(n) be the third derivative of -n**4/24 - n**3/6 - n**2 + 7. What is d(4)?
-5
Let b(r) = r - 6. Let q be (-2)/(4/(-10)*1). Suppose -4*g = -q*d - 28, -g - 2*d + 7 = -d. Let w be b(g). Let s(k) = -6*k**2 + k - 1. Give s(w).
-6
Let p(y) = -y**2 + 4*y + 7. Let g = -19 - -24. What is p(g)?
2
Let q be (-18)/(-4) + (-8)/16. Let f = -10 + q. Let s(n) = n + 2. Calculate s(f).
-4
Let z(d) be the second derivative of -d**4/12 - d**3/3 - d**2 - d. Let i be 2/7 + (-96)/(-56). Suppose i*j = -6 - 0. Determine z(j).
-5
Let g(u) = -6 + 3 + 2 + 7*u - 3*u + 2*u**2. Let s be 4*(0 + 9/(-12)). Give g(s).
5
Let x(k) = 6 - 12*k - 3*k**2 - 3*k**2 + 7*k**2 + k. Determine x(10).
-4
Let z(c) = -c**3 - c**2 + c + 2. Let h be 12/8 - (-6)/(-4). Let t be z(h). Let i(p) = -p**3 + p - 1 + t + p - 7*p**3. Calculate i(-1).
7
Let i = -23 + 31. Let v(l) = -2*l + 12. Give v(i).
-4
Let j = -17 + 15. Let a(u) = -u - 3. Calculate a(j).
-1
Let g(u) = 2*u**2 - 2*u + 1. Suppose -2*j = 17 - 21. Calculate g(j).
5
Let r(k) = k**2 - 4*k + 6. Let b(h) = -h**2 + 9*h - 10. Let y be b(7). Give r(y).
6
Let h be (-1)/(-24) - (0 + -4 + 4). Let b(q) be the third derivative of 0 - 1/6*q**3 + 0*q - q**2 - h*q**4 + 1/60*q**5. Calculate b(-2).
5
Let t(f) = -f**3 + 3*f**2 + f + 1. Suppose 5*y + 2*b - 17 = 2*y, 3*y + 5*b - 29 = 0. Determine t(y).
4
Let a = 6 - 5. Let k(w) = a - 2 + 2 - 2 - w. Determine k(-1).
0
Let w(r) be the third derivative of -r**6/60 - r**2. Let o(q) be the second derivative of -q**4/6 + q**2/2 - 3*q. Let s be o(-1). What is w(s)?
2
Let n(l) be the third derivative of -l**5/60 - 11*l**4/24 - 11*l**3/6 + 22*l**2. What is n(-9)?
7
Let q(r) = r + 8. Let h be q(-5). Let g(l) be the third derivative of -1/3*l**3 + 1/30*l**5 + 0*l + 0 + 2*l**2 - 1/8*l**4. Determine g(h).
7
Let c(w) = -w**3 - w**2 + w - 1. Let x(t) = -4*t**3 - 9*t**2 - t + 1. Let b(h) = -3*c(h) + x(h). What is b(-5)?
-1
Let i(y) = y**2 - y + 6. Let v be 0/(0 - 4 - -6). What is i(v)?
6
Let d = 4 + -4. Let g = 0 - d. Let f(c) = -c**3 + c**2 - 7. Give f(g).
-7
Let i = 7 - 5. Let x(l) = -l - l**i + l + 3 + 3*l. Suppose -4 = 3*o + 2. What is x(o)?
-7
Let v(z) = z. Let l(d) = -7*d + 7. Let y(m) = l(m) + 6*v(m). Determine y(3).
4
Let w(v) = -37*v + 2. Let c be w(-2). Let m(i) = -6 + 75*i - 1 - c*i. Determine m(0).
-7
Let s(m) = 5*m**2 - 4*m - 1. Let z(w) = 4*w**2 - 3*w - 1. Let u(p) = -5*s(p) + 6*z(p). What is u(2)?
-1
Suppose 14 = -o - 4*i, 5*i + 27 + 22 = 4*o. Let j(t) = t**2 - 4*t - 7. Determine j(o).
5
Let o(h) = h + 1. Let u be o(3). Suppose 0 = 2*f - 4*z + u, 4*f + 4*z - 5 = -z. Let d be 5/1*(-1 - f). Let i(a) = a + 2. Determine i(d).
-3
Let o(i) = -2*i**2 - 11*i - 8. Let h be o(-5). Let l(p) = p**3 + 4*p**2 + 4*p + 4. Determine l(h).
1
Let s be 6 + 0 + 0/(-1). Let c be (-1)/(-2)*s/1. Let g(w) = -2 + 1 - 7 + 7 - 3*w. Determine g(c).
-10
Let n(a) be the first derivative of -2*a**3/3 + 3*a**2/2 - 13. Determine n(4).
-20
Let f(u) = -u. Let t(m) = -8*m - 1. Let y(x) = 4*f(x) - t(x). Let l be ((-2)/(-6))/((-9)/27). Determine y(l).
-3
Let k(w) = 7*w**2 - w + 7. Let h(q) = -4*q**2 - 4. Suppose 4*v - 14 - 6 = 0. Let t(g) = v*h(g) + 3*k(g). Calculate t(2).
-1
Let u(r) = 2*r**2 + 5*r - 2. Let d(j) = -2*j - 4. Let p be d(-3). Let f be (-3)/3*(p + 2). Determine u(f).
10
Let i(f) = -f**2 + 5*f - 4. Let p = -1 - -2. Let l = 5 + -3. Let o = l + p. Determine i(o).
2
Let s(k) = 2*k - 5. Suppose 4*y - 4*a + 0*a - 16 = 0, 0 = 3*y - 2*a - 13. Calculate s(y).
5
Let p(f) = -f + f**2 + 2*f + f**2. Suppose -2*w - 2*u = -5*u - 10, -4*w + 20 = 3*u. Let l(k) = -k**3 + 4*k**2 + 3*k + 9. Let o be l(w). Calculate p(o).
1
Let v(t) = -2*t**2 - 3*t. Suppose 5*d = -5*h + 9 + 1, d - 2*h = 2. Let n = 2 - 7. Let q = n + d. Calculate v(q).
-9
Let y = 46 - 45. Let s(k) = 10*k**3 + k. What is s(y)?
11
Let j(x) = x**2 - 3*x. Let s(l) = l + 2. Let z be s(-5). Let t(p) = p - 1. Let h be t(z). Let g = h - -7. Calculate j(g).
0
Let t = 67 - 63. Let q(n) = -n**3 + 4*n**2 + 1. Calculate q(t).
1
Suppose -2*s - 2*m + 9 = -3, -s + 5*m = 18. Let g(q) = q + 7. Let b(o) = -o + 2 - 3 - 3. Let d(l) = 5*b(l) + 3*g(l). Determine d(s).
-3
Let u(h) = -h**2. Let i = 12 - 14. What is u(i)?
-4
Suppose -2*p = 3*p + 2*i, 0 = -2*i - 10. Let o(k) = k**3 - k**2 - 4*k + 3. What is o(p)?
-1
Let t(u) = -u**3 + u**2 + 1. Let j(a) = a. Let o be j(0). What is t(o)?
1
Let w = 25 + -25. Suppose w = 5*s + 10, -3*s = -3*a + a. Let m(f) = 5*f + 4. Determine m(a).
-11
Let k(d) = 3 + d**2 - 1 + 0 + 6*d. Give k(-4).
-6
Suppose 4*s = u + 11, 10 = -2*u - 3*s + 43. Let v(h) = -26*h - h**2 + 16*h + u*h + h**3. Give v(-1).
-1
Let r(h) = -h**2 - 4*h + 7. Suppose -5*i - 3*v + 5 = 18, -2*i = -4*v + 26. Calculate r(i).
2
Let s be 18/(-4) - 1/2. Let j = 7 + -2. Let k(z) = -z - 4 + j + 2*z + 0. Give k(s).
-4
Let k(p) be the third derivative of -5*p**2 + 1/24*p**4 + 0 + 0*p - 1/60*p**5 + 7/6*p**3. What is k(0)?
7
Let z(u) be the second derivative of -u**4/12 + u**3/3 - u**2/2 - 2*u. Let j = 4 - 2. Give z(j).
-1
Let r(p) = p + 3. Suppose -4*n + n + 3*z = -36, 3*z - 92 = -5*n. Suppose 6*f = -8 - n. Determine r(f).
-1
Let a(n) = -2*n**3 + 15*n**2 - 7*n + 6. Let b be a(7). Let z(x) = x**3 - 5*x**2 - 5*x. Calculate z(b).
6
Let u be 94/18 + (4 - 38/9). Let p(k) = -2*k**2 + 7*k - 2. Give p(u).
-17
Let t(m) = m**2 + m + 1. Suppose -3*o - 2*g = -23, -6 = -2*o - 2*g + 12. Suppose o*y + 16 - 6 = 0. Let j = y + 1. Calculate t(j).
1
Let a(s) = -8*s - 8. Let k(r) = -2*r - 2. Let i(z) = 2*a(z) - 9*k(z). Suppose 0 = -3*f + 12, -4*h + 6 = -5*h + 3*f. Let d be (-2)/h - (-28)/(-6). Give i(d).
-8
Let n = 22 - 20. Let c(z) = z. Give c(n).
2
Let g(z) = z - 1. Suppose 4*o - 5*f + 0 = 6, f - 10 = -2*o. Suppose 4*m = 2*u + 4, -3*m + 1 = u - 7. Suppose 0*r - r + m*d - 2 = 0, 3*r = o*d. Calculate g(r).
3
Let g(z) = -z**2 - 6*z - 5. Let h be 4*(-1 - 4/16). Calculate g(h).
0
Let j = 51 + -36. Suppose -5*n + 2*n + j = 0. Suppose n*h + 6 = 31. Let z(i) = -i + 7. Calculate z(h).
2
Suppose 25 = 7*m - 2*m. Suppose -m*i - 7 = -22, 13 = -c + 5*i. Let q(a) = 2 - a - c - 12. What is q(-5)?
-7
Let v = -7 - -3. Let c(p) = 4 - 4*p**2 + 5*p**2 + 6 + 5*p - 6. What is c(v)?
0
Let k(a) = a**2 + 4*a. Suppose -2*p = 2*l + 16, -4*p + 3*l + 0*l = -3. Give k(p).
-3
Let v(f) = -f**3 + 4*f**2 + 5*f. Let s be (-5*4*(-3)/(-12))/(-1). Give v(s).
0
Let h = 48 - 40. Let i(c) = c**3 - 9*c**2 + 8*c + 9. What is i(h)?
9
Let s(i) = -i**3 + 6*i**2 + 5*i + 11. Let h be s(7). Let n(c) = -c**2 - 3*c - 2. What is n(h)?
-2
Let m(r) be the third derivative of -r**4/24 - 5*r**3/3 + 26*r**2. Calculate m(-5).
-5
Let b(k) be the third derivative of -k**6/60 + k**5/20 - k**3/6 + 4*k**2. Let c = 8 - 6. What is b(c)?
-5
Let w(j) = j + 2. Let t(s) = 2*s + 1. Suppose -2*l + 2*n + 22 = -7*l, -3*n + 13 = -4*l. Let r be 2*(l - -3)*2. Let v(m) = r*w(m) + 3*t(m). Calculate v(5).
5
Let b = 4 - 2. Let t be 1*(-6)/9*-3. Let k(x) = 20*x + 18*x - 40*x - x**t + 3. Give k(b).
-5
Suppose -c = 2*c + 15. Let w(k) be the first derivative of -5/2*k**2 - 5*k - 1/3*k**3 - 6. What is w(c)?
-5
Let k(p) = 2*p + 7. Let t(v) = 4*v + 15. Let l(r) = 13*k(r) - 6*t(r). What is l(3)?
7
Suppose z - 19 = 2*o + o, o - 2*z + 13 = 0. Let y(t) = 3*t**2 + 14*t - 9. Let c(a) = -4*a**2 - 21*a + 14. Let p(x) = o*c(x) - 7*y(x). Determine p(6).
-1
Let y(n) = -n. Let b(q) = -3*q**2 - q**3 + 5 + 2*q - 3*q - 2*q**2 + 10*q. Let f(j) = b(j) + 2*y(j). Give f(-6).
-1
Suppose 0 = 5*b - 4 - 1. Let q(x) = -9*x + 1. Calculate q(b).
-8
Let r(f) = -f**2 - 3*f + 2. Suppose w = 4*w - 18. Suppose -2*j + 3*t + 1 = -w, 2*t + 7 = -j. Let m be j/((-1 + 0)/(-3)). What is r(m)?
2
Let h be 4 + 14/(-2 + 0). Let z(s) = -2*s**2 - 2*s + 9. Let f(i) = 6*i**2 + 6*i - 26. Let c(y) = -6*f(y) - 17*z(y). Determine c(h).
-9
Let a